
-1cbb
22132 (base 6) to base 3
11020002
What is -2152 (base 8) in base 15?
-505
-22222 (base 5) to base 7
-4361
Convert -1b91 (base 13) to base 9.
-5647
What is -13314 (base 6) in base 14?
-a74
Convert 516b (base 12) to base 9.
13142
What is 11001101 (base 2) in base 7?
412
Convert ba (base 12) to base 4.
2032
-5868 (base 11) to base 4
-1320101
-98b1 (base 15) to base 2
-111111001010101
Convert 68b6 (base 15) to base 4.
11123031
What is -25a (base 11) in base 15?
-157
Convert -362 (base 15) to base 2.
-1011111111
What is 500 (base 12) in base 11?
5a5
-40342 (base 5) to base 13
-124a
Convert 1292 (base 16) to base 14.
1a38
21011 (base 5) to base 9
1804
-1012110 (base 4) to base 16
-1194
What is -2121 (base 3) in base 13?
-55
What is 2121010122 (base 3) in base 4?
30132320
4322 (base 7) to base 6
11035
4634 (base 7) to base 14
88b
-101c (base 16) to base 15
-134e
What is 2491 (base 11) in base 14?
127c
What is 4a7 (base 13) in base 16?
32d
What is -3143022 (base 5) in base 8?
-147227
Convert -3494 (base 12) to base 6.
-43104
30000 (base 6) to base 16
f30
What is -43250 (base 6) in base 16?
-172e
What is -34024 (base 5) in base 9?
-3244
Convert 7542 (base 14) to base 4.
10330112
What is 1111000011 (base 2) in base 3?
1022200
What is 6c7 (base 13) in base 2?
10010011001
705 (base 8) to base 16
1c5
4078 (base 14) to base 4
2231022
6995 (base 12) to base 9
17135
What is 2704 (base 9) in base 5?
31104
What is -605 (base 10) in base 12?
-425
-3066 (base 7) to base 3
-1110220
Convert -18a (base 13) to base 11.
-238
Convert 5001 (base 13) to base 6.
122510
102333 (base 5) to base 14
139a
What is -1301 (base 8) in base 12?
-4a9
14a3 (base 15) to base 8
10514
12134 (base 8) to base 11
3a09
Convert -111100100 (base 2) to base 4.
-13210
32a (base 14) to base 11
51a
Convert -618 (base 14) to base 13.
-712
2405 (base 6) to base 3
210112
Convert 70 (base 16) to base 4.
1300
Convert -3123 (base 4) to base 5.
-1334
What is -111101000100110 (base 2) in base 8?
-75046
What is d0bc (base 14) in base 10?
35838
What is 1b1 (base 14) in base 9?
430
Convert -44b (base 13) to base 14.
-3ab
What is 1011011 (base 2) in base 9?
111
What is 101001011100 (base 2) in base 15?
bbc
What is -111111011011 (base 2) in base 6?
-30443
1101001111 (base 2) to base 15
3b7
120210 (base 3) to base 4
12222
What is -cf (base 16) in base 10?
-207
What is -2012 (base 11) in base 6?
-20215
8595 (base 11) to base 3
120120122
1025 (base 10) to base 12
715
1b1a (base 13) to base 14
16b5
What is -3dd (base 16) in base 12?
-6a5
What is -11010001100 (base 2) in base 15?
-76b
Convert -42c6 (base 13) to base 11.
-6a84
Convert 3100 (base 5) to base 10.
400
-113264 (base 7) to base 15
-608b
Convert 102110 (base 3) to base 9.
373
Convert -110001100000000 (base 2) to base 7.
-133614
What is -3174 (base 8) in base 15?
-75a
-1314 (base 6) to base 10
-334
Convert -7cd (base 14) to base 7.
-4346
What is -10010110 (base 2) in base 16?
-96
Convert 3133 (base 11) to base 5.
113100
What is -102123 (base 4) in base 14?
-603
What is -10100001101 (base 2) in base 11?
-a76
-111000110010 (base 2) to base 10
-3634
3a4 (base 11) to base 15
21c
What is -8bb (base 16) in base 13?
-102c
What is 435 (base 11) in base 5?
4042
Convert 722 (base 8) to base 13.
29b
3407 (base 8) to base 10
1799
What is -120012 (base 4) in base 7?
-4332
17d (base 14) to base 5
2212
What is -3508 (base 9) in base 8?
-5050
7292 (base 10) to base 7
30155
What is -10101001 (base 2) in base 7?
-331
Convert 2102122 (base 3) to base 9.
2378
-382 (base 11) to base 7
-1215
Convert -350 (base 7) to base 11.
-156
What is -5488 (base 15) in base 4?
-10113233
233012 (base 4) to base 10
3014
What is -3302 (base 4) in base 2?
-11110010
What is 1500 (base 11) in base 2?
11110010000
Convert 1bc8 (base 13) to base 15.
13b5
4b6c (base 16) to base 7
110202
What is -9f4 (base 16) in base 12?
-1584
Convert 473 (base 13) to base 2.
1100000010
What is -1528 (base 10) in base 5?
-22103
What is -3a6 (base 13) in base 16?
-283
What is -1021223 (base 4) in base 5?
-122330
Convert -745 (base 13) to base 6.
-5424
What is -14355 (base 6) in base 8?
-4377
What is 67 (base 13) in base 16?
55
10110001 (base 3) to base 7
10216
824 (base 15) to base 5
24314
Convert -23323 (base 5) to base 2.
-11010110001
What is 25133 (base 9) in base 14?
6218
What is -3452 (base 9) in base 11?
-1a16
What is -14581 (base 9) in base 10?
-9955
What is -180 (base 10) in base 15?
-c0
Convert 34712 (base 8) to base 16.
39ca
-141525 (base 6) to base 16
-343d
8a60 (base 13) to base 5
1104334
Convert -1202 (base 3) to base 8.
-57
-104055 (base 6) to base 14
-3239
What is -1915 (base 15) in base 9?
-7382
23a (base 11) to base 8
435
What is -963 (base 12) in base 7?
-3666
-13c (base 16) to base 12
-224
122024 (base 5) to base 8
11037
-1102210111 (base 3) to base 6
-334534
-1200202101 (base 3) to base 10
-33355
What is -1532 (base 9) in base 7?
-3251
What is 1731 (base 9) in base 2?
10100101100
What is 842 (base 11) in base 12?
706
Convert -141200 (base 8) to base 6.
-1022304
-330052 (base 7) to base 12
-29451
What is f84 (base 16) in base 2?
111110000100
-2670a (base 11) to base 3
-1221022001
-1001 (base 3) to base 14
-20
What is 112323 (base 6) in base 13?
44c7
What is 25d (base 14) in base 5?
3400
65364 (base 8) to base 3
1101120002
Convert 4915 (base 12) to base 13.
3989
What is -56 (base 10) in base 3?
-2002
-7fe (base 16) to base 5
-31141
What is 11b8b (base 13) in base 2?
111111111011100
3abd (base 14) to base 10
10359
What is -230 (base 6) in base 9?
-110
-130230 (base 5) to base 12
-2b21
-244 (base 9) to base 12
-14a
Convert -26 (base 13) to base 14.
-24
Convert 2658 (base 12) to base 5.
120023
Convert -1283 (base 13) to base 10.
-2642
-3255 (base 6) to base 7
-2126
What is 17ab (base 14) in base 13?
1c33
What is 12cb (base 16) in base 4?
1023023
31033 (base 4) to base 3
1011101
Convert 2312 (base 9) to base 8.
3260
-b27 (base 16) to base 12
-179b
Convert -6a5 (base 11) to base 3.
-1011011
100000100000 (base 2) to base 5
31310
Convert 1010011 (base 3) to base 11.
680
Convert -303122 (base 4) to base 3.
-11111212
-11010101100 (base 2) to base 9
-2307
-6165 (base 11) to base 10
-8178
What is 300 (base 15) in base 6?
3043
Convert 311111 (base 4) to base 8.
6525
-2800 (base 16) to base 15
-307a
Convert -7675 (base 10) to base 9.
-11467
What is -134330 (base 5) in base 7?
-22204
-1212220 (base 3) to base 10
-1374
-32404 (base 5) to base 8
-4265
What is 13333 (base 6) in base 12?
1249
342 (base 5) to base 12
81
2637 (base 11) to base 13
1739
-629 (base 11) to base 4
-23311
What is -429 (base 11) in base 3?
-201002
e80 (base 16) to base 12
2194
-14562 (base 9) to base 8
-23322
Convert -5426 (base 7) to base 16.
-78b
20451 (base 7) to base 6
35150
Convert 285 (base 10) to base 7.
555
Convert -114 (base 16) to base 2.
-100010100
-128 (base 14) to base 10
-232
Convert -20310 (base 4) to base 11.
-473
-1002002 (base 3) to base 10
-785
Convert 134021 (base 5) to base 10.
5511
533 (base 7) to base 10
269
Convert 582 (base 9) to base 16.
1df
Convert 10001011 (base 2) to base 8.
213
Convert 236 (base 12) to base 5.
2310
-1222020121 (base 3) to base 8
-113637
26270 (base 8) to base 14
425a
Convert -1011221202 (base 3) to base 2.
-101101011111110
Convert -45d (base 14) to base 5.
-11432
Convert 1d4c (base 14) to base 10.
5360
What is 2650 (base 7) in base 8?
1767
Convert 6060 (base 9) to base 8.
10514
What is 0 (base 8) in base 15?
0
What is 34243 (base 5) in base 12?
1500
Convert -112041 (base 6) to base 8.
-22471
What is 147 (base 15) in base 3?
101211
-4777 (base 10) to base 8
-11251
1808 (base 14) to base 10
4320
What is 102011 (base 3) in base 14?
177
Convert -10b45 (base 12) to base 2.
-101011101100101
-41240 (base 5) to base 4
-222013
-249 (base 12) to base 4
-11121
What is -33b (base 15) in base 8?
-1333
Convert 1011100221 (base 3) to base 5.
1212432
-1484 (base 11) to base 10
-1907
Convert -661 (base 7) to base 5.
-2322
Convert 35 (base 10) to base 5.
120
Convert 198 (base 14) to base 8.
512
Convert 1020 (base 5) to base 14.
99
-347 (base 8) to base 4
-3213
Convert 486 (base 11) to base 7.
1454
-784 (base 12) to base 10
-1108
Convert -2a83 (base 11) to base 16.
-f7b
What is -12010221 (base 3) in base